l) = 23*l**3 + 7*l**2 - 8*l. What is t(1)?
22
Let i(t) = -58*t + 88. Determine i(8).
-376
Let w(i) = -2*i**3 - 48*i**2 + 4*i + 82. What is w(-24)?
-14
Let g(p) = p**3 - 49*p**2 - p - 38. What is g(49)?
-87
Let w(m) = -62*m + 444. Calculate w(6).
72
Let b(r) = 88*r + 505. Calculate b(-5).
65
Let i(q) = -4*q**3 - 222*q**2 - 109*q + 71. Calculate i(-55).
16
Let h(j) = -29*j**2 - 724*j + 12. Calculate h(-25).
-13
Let b(m) = -m**3 - 34*m**2 + 2018*m + 194. Determine b(-65).
-1
Let h(p) = -840*p - 6780. Determine h(-8).
-60
Let c(k) = -236*k + 1212. What is c(5)?
32
Let p(i) = -3*i**3 + 13*i**2 - 35*i + 24. Determine p(5).
-201
Let w(a) = 4*a + 46. Determine w(-10).
6
Let g(w) = 95*w**2 - 24*w - 14. Give g(1).
57
Let o(j) = 22*j**3 + 109*j**2 - 46*j - 217. Determine o(-5).
-12
Let o(l) = -l**3 - 20*l**2 - 75*l + 27. What is o(-14)?
-99
Let l(r) = r**2 + 28*r - 903. What is l(-47)?
-10
Let b(z) = 43*z - 213. Give b(5).
2
Let n(h) = 72*h**2 + 801*h + 71. Calculate n(-11).
-28
Let b(z) = -z**3 + 7*z**2 - 17*z - 23. Calculate b(7).
-142
Let y(t) = -t**3 - 30*t**2 - 30*t - 20. Give y(-29).
9
Let l(m) = -21*m + 96. Calculate l(-7).
243
Let s(g) = -18*g**2 - 5*g + 23. Calculate s(2).
-59
Let q(h) = 10*h**2 + 140*h - 358. What is q(-15)?
-208
Let i(x) = -2*x**3 - 22*x**2 - 16*x + 39. Determine i(-10).
-1
Let j(d) = 2*d**2 + 38*d - 20418. Give j(-111).
6
Let i(m) = -18*m - 101. Determine i(-10).
79
Let z(m) = -226*m + 3944. What is z(15)?
554
Let j(i) = -67*i + 123. Give j(3).
-78
Let s(m) = -59*m + 230. Give s(4).
-6
Let l(c) = 3*c**2 + 42*c - 331. What is l(-19)?
-46
Let j(u) = 2*u**3 - 7*u**2 + 10*u - 19. Give j(5).
106
Let q(i) = i**3 - 13*i**2 - 41*i - 94. What is q(16)?
18
Let a(r) = -r**3 + 36*r**2 + 38*r + 93. What is a(37)?
130
Let a(i) = -i**3 - i**2 - 8*i + 392. Determine a(0).
392
Let u(b) = -73*b + 396. Calculate u(5).
31
Let a(t) = 604*t + 588. What is a(-1)?
-16
Let u(b) = -b**2 - 38*b - 67. Calculate u(-29).
194
Let j(g) = -g**3 + 26*g**2 + 27*g - 40. Calculate j(27).
-40
Let c(i) = 56*i - 4641. Give c(83).
7
Let a(z) = -16*z - 48. What is a(-2)?
-16
Let y(l) = -12*l + 65. Calculate y(6).
-7
Let v(n) = n**2 + 833*n + 39887. Calculate v(-51).
5
Let y(s) = -3*s**2 + 13*s + 6. Determine y(4).
10
Let n(i) = 65*i**2 + 277*i + 10. Determine n(-4).
-58
Let z(w) = -3*w**3 + 147*w**2 + 4*w - 78. Determine z(49).
118
Let i(v) = -73*v**2 + 290*v + 1. Calculate i(4).
-7
Let b(x) = -14*x**2 - 3566*x + 1042. Calculate b(-255).
22
Let i(j) = 3*j**2 - 55*j - 132. Determine i(18).
-150
Let y(p) = -p**3 - 16*p**2 - 52*p - 836. Determine y(-16).
-4
Let x(t) = 4*t**2 + 1855*t - 7464. What is x(4)?
20
Let s(r) = 152*r - 18397. Calculate s(121).
-5
Let n(z) = -73*z - 5148. Give n(-68).
-184
Let c(g) = -g**2 - 40*g - 197. What is c(-35)?
-22
Let k(g) = -6*g**3 + 48*g**2 - 8*g + 56. What is k(8)?
-8
Let a(y) = -y**3 - 4*y**2 - y + 16. Calculate a(2).
-10
Let y(x) = x**2 + 37*x + 339. Determine y(-24).
27
Let i(f) = 65*f - 173. What is i(4)?
87
Let v(i) = -394*i - 4. Determine v(0).
-4
Let x(s) = -327*s + 2264. Determine x(7).
-25
Let c(l) = 1359*l + 86. What is c(0)?
86
Let s(z) = -10668*z + 10672. Calculate s(1).
4
Let o(k) = -k**2 - 756*k + 25206. Determine o(32).
-10
Let r(j) = -206*j + 726. Calculate r(6).
-510
Let m(d) = 16*d - 163. Calculate m(9).
-19
Let d(w) = -w**3 + 9*w**2 + 4*w + 75. Determine d(10).
15
Let z(k) = -449*k + 1779. Give z(4).
-17
Let a(j) = -230*j - 1825. Calculate a(-8).
15
Let q(d) = -2*d**3 + 27*d**2 + 31*d - 9. Calculate q(15).
-219
Let s(i) = 18*i**2 - 26*i - 24. What is s(-1)?
20
Let f(z) = -z**2 - 2524*z - 22640. Calculate f(-9).
-5
Let t(b) = 35*b - 4. Determine t(-4).
-144
Let m(v) = v**3 - 9*v**2 + 12*v + 71. Give m(8).
103
Let p(w) = w**3 - 56*w**2 + 209*w - 58. Give p(52).
-6
Let c(t) = t**3 + 17*t**2 - 50*t - 53. Calculate c(-20).
-253
Let p(m) = -597*m + 603. Calculate p(1).
6
Let v(q) = 2*q**2 + 42*q + 211. Give v(-8).
3
Let o(w) = w**3 - 116*w**2 - 120*w + 338. Calculate o(117).
-13
Let j(w) = 35*w**2 + 19*w - 21. What is j(1)?
33
Let y(r) = 57*r + 642. Determine y(-12).
-42
Let o(s) = 4304*s + 17209. Give o(-4).
-7
Let o(t) = -5*t**2 - 61*t - 5. What is o(-7)?
177
Let l(a) = -3*a**2 + 2*a + 128. Determine l(-6).
8
Let m(d) = 390*d - 1477. Determine m(4).
83
Let f(a) = 351*a - 2415. Calculate f(7).
42
Let w(v) = 169*v - 7. Calculate w(-1).
-176
Let r(o) = -o**3 - 9*o**2 - 13*o + 9. Determine r(-10).
239
Let d(z) = 27*z + 266. Determine d(-10).
-4
Let g(j) = 35*j**2 + 840*j - 89. Calculate g(-24).
-89
Let u(v) = v**3 - 76*v**2 + 151*v + 36. Calculate u(74).
258
Let x(o) = o**3 + 6*o**2 - 7*o - 34. Calculate x(-7).
-34
Let d(g) = -2*g**3 + 12*g**2 + 14*g - 83. Calculate d(6).
1
Let o(g) = g**2 - 14*g - 99. Calculate o(-5).
-4
Let j(i) = -i**3 + 10*i**2 + 91*i + 3. Calculate j(16).
-77
Let s(p) = -9*p**3 - 37*p**2 - 53*p - 199. What is s(-4)?
-3
Let a(i) = 15661*i - 109637. Determine a(7).
-10
Let o(h) = -h**2 + 83*h + 705. What is o(88)?
265
Let n(h) = h**2 + 5*h + 23. Give n(-9).
59
Let c(a) = -a**2 + 148*a - 3470. Calculate c(29).
-19
Let n(i) = 4*i - 462. Determine n(-6).
-486
Let h(f) = 323*f + 333. Determine h(-1).
10
Let s(w) = -w**3 - 67*w**2 + 2786*w - 55. Give s(29).
3
Let f(c) = 450*c + 2128. Give f(-4).
328
Let s(o) = -124*o - 4199. What is s(-34)?
17
Let g(j) = -17*j**2 - 18*j + 62. Give g(4).
-282
Let n(m) = 18*m**2 + 55*m + 3. What is n(-6)?
321
Let l(p) = p**2 + 176*p + 5151. Give l(-38).
-93
Let c(r) = 517*r**2 + 2062*r - 7. Give c(-4).
17
Let k(p) = -p**3 - 101*p**2 - 291*p + 288. Calculate k(-98).
-6
Let b(g) = 30*g**2 - 44*g + 44. Determine b(1).
30
Let b(j) = j**2 + 44*j - 121. Determine b(-37).
-380
Let z(s) = -2*s**2 + 411*s + 29901. Determine z(-57).
-24
Let k(q) = 9*q - 422. What is k(51)?
37
Let h(d) = d**2 - 86*d + 1553. Give h(60).
-7
Let o(n) = 15426*n - 61711. Calculate o(4).
-7
Let j(g) = -2*g**3 - 14*g**2 + 29*g + 79. Determine j(-8).
-25
Let a(l) = -761*l + 42583. Determine a(56).
-33
Let t(b) = 7*b**3 + 44*b**2 + 86*b + 3. Calculate t(-2).
-49
Let v(i) = -14*i - 196. Determine v(-14).
0
Let c(f) = 5*f**2 + 332*f - 666. Give c(-68).
-122
Let c(h) = 17*h + 1415. Calculate c(-83).
4
Let z(p) = -1282*p - 14058. Give z(-11).
44
Let c(t) = -219*t + 916. What is c(4)?
40
Let t(i) = 4*i**3 - 4*i**2 + 14*i - 2. What is t(1)?
12
Let c(w) = w**3 + 7*w**2 - 20*w + 12. What is c(-6)?
168
Let u(o) = -8*o + 96. Give u(8).
32
Let b(h) = h**3 + 34*h**2 - 171*h - 16. What is b(5)?
104
Let l(s) = -1590*s - 14311. Give l(-9).
-1
Let r(h) = -91*h + 661. Determine r(7).
24
Let r(f) = f**3 + 37*f**2 + 182*f + 10137. Determine r(-39).
-3
Let q(b) = -b**3 + 26*b**2 - 2*b + 58. Give q(26).
6
Let f(i) = 73*i + 255. Give f(-4).
-37
Let v(f) = 32*f**2 + 926*f - 57. Calculate v(-29).
1
Let v(s) = -2*s**2 + 35. Calculate v(-11).
-207
Let k(b) = -8*b - 96. Calculate k(-15).
24
Let z(u) = -2*u**3 + 37*u**2 + 20*u - 1. What is z(19)?
18
Let l(a) = 77*a - 1161. What is l(15)?
-6
Let u(o) = o**2 + 51*o + 417. Give u(-51).
417
Let r(u) = u**3 - 5*u**2 - 18*u + 20. Determine r(8).
68
Let a(g) = g**3 - 10*g**2 - 4*g + 30. Give a(6).
-138
Let c(d) = -2*d**3 - 30*d**2 - 5*d - 30. Determine c(-15).
45
Let j(p) = p**3 + 14*p**2 + 66*p + 103. What is j(-7)?
-16
Let c(d) = -28*d**3 - 2*d**2 - 8*d - 6. What is c(-1)?
28
Let b(h) = -3*h**2 + 44*h - 47. Determine b(18).
-227
Let t(h) = -h**3 - 44*h**2 + 92*h - 57. Give t(-46).
-57
Let g(t) = 561*t - 1696. Determine g(3).
-13
Let i(g) = -g**3 + 9*g**2 - 15*g + 135. Calculate i(9).
0
Let f(o) = o**3 + 6*o**2 - 19*o + 68. Determine f(5).
248
Let g(v) = 30*v - 488. Calculate g(12).
-128
Let p(y) = 2*y**3 - 43*y**2 - 119*y - 44. Give p(24).
-20
Let q(i) = -3*i**2 - 282*i - 549. Calculate q(-92).
3
Let x(s) = -s**2 - 30*s - 229. Determine x(-18).
-13
Let d(u) = 73214*u - 146436. Give d(2).
-8
Let h(b) = b**2 - 13*b + 22. What is h(12)?
10
Let f(x) = x - 7. What is f(-4)?
-11
Let z(n) = -4*n**3 - 37*n**2 - 5*n + 28. Calculate z(-9).
-8
Let p(n) = n**2 - 247*n + 2831. Determine p(12).
11
Let c(o) = -40*o - 435. Give c(-11).
5
Let d(f) = 352*f - 2106. Determine d(6).
6
Let s(u) = 1280*u - 3859. Calculate s(3).
-19
Let t(s) = 21*s + 346. Give t(-43).
-557
Let i(u) = -u**3 - 10*u**2 - 24*u - 27. Ca